40. Let k(h) = -6*a(h) + 7*d(h). Give k(6).
4
Let t(n) = 2*n**3 + 20*n**2 - 2*n - 10. Let x be t(-9). Suppose 110 - x = -10*u. Let p(y) = 2*y - 3. Calculate p(u).
9
Let u = -42263 - -42265. Let n(v) = -3*v - 4*v + v. Determine n(u).
-12
Suppose 158 = 4*c + 26. Suppose -18*k = -c*k. Let t(d) = -d**3 - d**2 - d + 5. Determine t(k).
5
Let l(k) = 2*k + 7. Suppose -493 = 8*y + 21*y. Suppose -46 = -2*m + 22. Let u be m/y - 5*1. Give l(u).
-7
Let h(j) be the second derivative of -29*j**4/12 + j**3/3 - 3*j**2/2 - 943*j. Determine h(1).
-30
Suppose 5 = 2*g - 2*u - 5, 4*g - 5*u - 15 = 0. Let l(d) = 7960*d + 0*d**2 - 12 - 7969*d + d**2. What is l(g)?
-2
Let i(u) be the first derivative of 2*u**3/3 + 5*u**2/2 - 14*u + 1376. What is i(-4)?
-2
Let n(g) = 2*g + 8. Let l(u) = 11*u - 19. Let x(p) = 2*l(p) + 4*n(p). Give x(-1).
-36
Suppose -2*u = 4*h + 64, 4*u + 14*h = 16*h - 68. Let r(d) = 2*d**2 + 44*d + 30. What is r(u)?
-50
Let c = 4470 - 4467. Let x(l) = -l**3 + 3*l**2 + 3*l + 1. Determine x(c).
10
Suppose 5*s = 4*y + 62, -759 = 2*s - 3*y - 795. Let z(g) = -3*g - 4. Determine z(s).
-22
Let t(s) = 7 + 3*s - 68*s**2 - 2 + 4 + 31*s**2 + 38*s**2. What is t(-8)?
49
Let q(o) = 3*o - 113. Let y = 25051 + -25017. Calculate q(y).
-11
Let a(r) be the second derivative of -r**4/12 - 5*r**3/6 + 7*r**2/2 + 2*r + 380. Suppose -4 - 10 = 2*n + 4*w, 3*w = -3. Calculate a(n).
7
Let d(c) = -19*c - 12 + 46*c - 15*c - 19*c + c**2. Calculate d(9).
6
Let f(r) be the first derivative of -r**2 + r - 9. Let z = 1177 - 1176. What is f(z)?
-1
Suppose -9*w - 2*v = -6*w - 29, 4*w - 41 = -5*v. Let p(f) = w*f + 10 + 12 - 21 + 2*f**2. Calculate p(-6).
19
Suppose 4*z + 3*v - 70 = 0, -5*z + 3*z - 4*v = -40. Let x(t) = -z*t + 41*t - 19*t - 15*t. Determine x(-1).
9
Let x(q) = q + 16. Suppose 18*u = 8*u + 50. Suppose u*m - 3*w = -76, 0 = -7*w + 9*w + 6. Calculate x(m).
-1
Let l(i) = 2*i**2 + 38*i + 33. Let h be l(-18). Let n(f) = -f**3 - 3*f**2 + 1. Determine n(h).
1
Let v(g) = -g**3 + g**2 + g - 2. Let s(o) = 12*o**2 + 193*o + 17. Let b be s(-16). Calculate v(b).
-1
Let f(s) = -11*s**3 + 9*s**2 + 3*s + 1. Let p(j) = 8*j**3 - 9*j**2 - 4*j - 3. Let t(o) = -3*f(o) - 4*p(o). Suppose -a = z + 3, 0 = -z - 0*z + 5. Calculate t(a).
17
Let c(z) = -z**2 - 4*z. Suppose 9*o - 20 = 97. Suppose -i + o = 16. Calculate c(i).
3
Let t(v) = 14*v**2 - 14*v - 29. Let o(a) = -32*a**2 + 28*a + 58. Let i(w) = 4*o(w) + 9*t(w). Calculate i(-5).
-9
Let u = -649 + 659. Let g(x) = -2*x + 14. Give g(u).
-6
Let g(p) = -3*p + 20. Let v(x) = -2*x + 10. Let q(k) = 3*g(k) - 5*v(k). Suppose 518*i + 4272 = 79*i - 95*i. What is q(i)?
2
Suppose 0 = 3*a + l - 21, -61*a - l = -65*a + 14. Let f(s) = 6*s - 20. Give f(a).
10
Suppose 0 = -4*n - 4, 4*s - 4*n + 72 = -0*n. Let r(l) = -l**2 - 17*l + 40. Let x be r(s). Let m(z) = -z**x - 2*z + 2*z - 3 + 8*z - 2*z. Calculate m(4).
5
Let y(b) = 64*b**2 - 32*b - 39. Let o(g) = 17*g**2 - 8*g - 10. Let c(v) = 15*o(v) - 4*y(v). Give c(8).
6
Let d be 425/75 - 2/3. Let z(w) = -4*w + 0*w + 3*w - w**3 + 0*w**2 - d + 6*w**2. Determine z(6).
-11
Let g(p) = -2*p**2 - 6*p - 5. Let m(i) = -156*i + 35. Let l be m(3). Let b = l + 430. Determine g(b).
-5
Let z(d) be the third derivative of 0*d**3 + 0 + 1/24*d**4 + 0*d + 159*d**2. Suppose 0 = 4*c - 0*c - 5*i + 37, -3*c = -4*i + 28. What is z(c)?
-8
Suppose -67*c + 49*c = -234. Suppose -c = -10*k + 37. Let n(x) = -x**2 + 3*x + 7. Calculate n(k).
-3
Let z(q) = 25*q - 16. Let m(r) = -r**3 - 13*r**2 + 118*r + 80. Let b be m(-19). What is z(b)?
84
Let n(j) = j + 1. Let h(d) be the third derivative of -d**4/24 + 5*d**3/3 - 213*d**2. Let k be h(13). Calculate n(k).
-2
Let b(k) be the third derivative of -k**4/24 + 11*k**3/3 - 2454*k**2. Calculate b(13).
9
Let r = -42925 + 42927. Let h(s) be the second derivative of 1/3*s**3 + 0 + s**2 - 1/4*s**4 - s + 1/10*s**5. What is h(r)?
10
Let x = 18 + -15. Let o(n) = 7*n + 1. Let p(h) = -12*h - 2. Let b(l) = x*p(l) + 5*o(l). Calculate b(1).
-2
Let i(t) = -4*t**2 + 19*t + 9. Let k = -16575 + 16582. Calculate i(k).
-54
Let g(m) = 19*m + 115. Let u = -7273 - -7267. Give g(u).
1
Let b(f) be the first derivative of -5*f**2/2 - 28*f - 6624. Calculate b(8).
-68
Suppose 3*n - 17 = -3*v - 11, 4*n = -5*v + 11. Suppose v*r - 34 = -40. Let y(f) = f**2 + 6*f + 3. What is y(r)?
-5
Let t(f) = 11*f**2 - 7*f - 231. Let k(r) = 10*r**2 - 9*r - 200. Let s(d) = -10*k(d) + 9*t(d). Determine s(24).
-7
Let j(l) = l**2 + l + 9. Let h(v) = v**2 + v + 10. Let z be (66/(-12) - -8)*12/10. Let t(s) = z*h(s) - 4*j(s). Let c be 2 + 1 - 1 - 2. Give t(c).
-6
Let l(t) = 2*t**3 - t**2 - t + 1. Let f = 43 - 41. Let i(u) = 2*u - 44. Let j be i(22). Let r be (-23)/(-46) + 3/f + j. Determine l(r).
11
Let y(h) = h**2 + 26*h + 36. Let t be y(-25). Let d(l) = -3 + t*l - 10*l + 0 - 3. Calculate d(0).
-6
Let t(r) = -3*r + 16. Let w be -2 + (-51)/7 - ((-264)/84)/11. What is t(w)?
43
Let o be (24/(-52))/((-18)/156). Let r(h) = -h**3 + 5*h**2 - 3*h - 1. Determine r(o).
3
Let g(i) = 60*i**3 + i**2 + i**2 + 2 + 72*i**3 - 174*i**3 + 59*i**3 + 3*i. Give g(-1).
-16
Let g(f) be the third derivative of 3*f**4/8 + 7*f**3/6 + 110*f**2. Let j(k) = 16*k + 16. Let h(d) = -7*g(d) + 4*j(d). What is h(-9)?
6
Let c(n) be the third derivative of -1/4*n**4 + 0*n + 1/6*n**3 + 0 - 2*n**2. Suppose 44 = 662*r - 665*r - 5*f, -4*r + f - 5 = 0. Calculate c(r).
19
Suppose -157*s + 74*s - 147*s = -690. Let o(t) = 2*t**3 - t**2 - 8*t + 4. Calculate o(s).
25
Let k(i) = 2*i**2 + 57*i - 21. Suppose 4*q = m - 37 - 73, -5*m - 175 = 5*q. Give k(q).
8
Let q(l) = -6*l + 35. Let b(s) = 19*s - 125. Let w be b(7). What is q(w)?
-13
Let h(s) = 6*s**2 - s**3 - 3580 + 2*s**3 + 3575 - 17*s. What is h(-8)?
3
Let f = -2622 + 2625. Let z(j) be the first derivative of -6 - 1/2*j**2 - 6*j + 1/3*j**f. What is z(0)?
-6
Let b(s) be the second derivative of s**4/12 - s**3/2 - 3*s**2/2 - 4*s + 188. Suppose 3*v - 7 = 2*k + 2, 0 = 5*k - 2*v - 5. Calculate b(k).
-3
Let i(v) = -6*v**2 + 3*v - 1. Suppose -10*s - 734 = -744. What is i(s)?
-4
Let a = 28 - 6. Suppose -a*j = -6*j + 48. Let p(x) = x - 1. Give p(j).
-4
Let n = -103740 + 103740. Let j(s) be the third derivative of -s**4/24 + 2*s**3/3 - s**2. What is j(n)?
4
Let s(z) = -6*z**3 + 13*z**2 + 5*z - 32. Let g(n) = 3*n**3 - 7*n**2 - 3*n + 20. Let q(p) = -5*g(p) - 3*s(p). Determine q(3).
41
Let m(q) = q**3 + 14*q**2 + 12*q - 13. Let j(p) = -9*p - 77. Let d be j(-15). Suppose -2*a + d = -4*b, 0*a + 38 = -2*b + 4*a. Calculate m(b).
0
Let y(s) = s**2 - 8*s + 10. Let m be y(5). Let h(o) = -o**3 - 4*o**2 + 6*o. Let g(r) = -2*r + 1. Let c(d) = g(d) + h(d). Calculate c(m).
6
Let x(w) = 47*w - 572. Let n(s) = -18*s + 229. Let u(y) = -12*n(y) - 5*x(y). What is u(6)?
-2
Let w(q) = -3*q**2 + 9*q - 3. Suppose -2*i - 4*m - 18 = 0, -5*m + 67 = 4*i + 85. Give w(i).
-3
Let c(x) = -462*x - 3225. Let m be c(-7). Let d(w) = w**2 - 7*w - 18. Calculate d(m).
0
Let j(r) be the first derivative of r**4/2 + 23*r**3/3 + 15*r**2/2 + 21*r - 627. Determine j(-11).
-23
Let k(u) = 4*u + 2 + 2*u + 1 + 3. Suppose 4*v = 3*t - 10, -3*v = -4*t - 3 + 7. Calculate k(t).
-6
Let w(u) = -u**2 - 3*u - 2. Suppose z + 5*z = -78. Let d = -13 - z. Let x be (4/(-2))/(-1*(-1 - d)). Give w(x).
0
Let k(c) be the second derivative of -c**4/12 - c**3 + 203*c**2/2 + 11425*c. Determine k(11).
16
Let p(k) = -2*k**3 - k**2 + k - 1. Let s = 37 + -42. Let f be 5*s/(-20 - 5). Calculate p(f).
-3
Suppose 49*q = 51*q + 110. Suppose -i - 5*g - 38 = 0, 5*g - 60 = 2*i + 91. Let c = i - q. Let l(a) = -a**2 - 10*a - 2. Calculate l(c).
14
Let k(d) = 76*d**3 + 742*d + 10 - 1484*d + 739*d + 6*d**2 - 77*d**3. What is k(5)?
20
Let v(z) = -z**2 + 62*z - 689. Let g be v(15). Let y(t) be the second derivative of 1/12*t**4 + g*t + 7/2*t**2 + 0 + 3/2*t**3. Give y(-9).
7
Let j = 79 - 75. Let a(f) = 8 + 8*f - 10*f + 11*f - j*f. Give a(-4).
-12
Let f(x) = -2*x**3 + 5*x**2 - 4*x + 2. Let r be (-1 + 3/(-15) + 3)*5. Let t be (r*1)/(8/8). Suppose t*g - 23 = 4. Determine f(g).
-19
Let z(w) = -5*w + 8. Let s = -3 - -2. Let o(q) be the second derivative of q**3/3 + 3609*q. Let d(f) = s*z(f) - o(f). What is d(7)?
13
Let b(f) = 2*f**2 - f - 4. Suppose 4*z = 3*t, -12*t + 15*t + 4*z = 24. Determine b(t).
24
Suppose 120*h + 9 = 123*h. Let t(o) = -45*o - 47*o + 93